pose 37*l = 31*l + 198. Suppose 0 = s + l - 39. What is the remainder when 10 is divided by s?
4
Let i(h) be the second derivative of 13*h**3/6 + 3*h**2/2 + h. What is the remainder when 57 is divided by i(2)?
28
Let y = 151 - 92. Let k be (-246)/(-4)*(-9 - 29/(-3)). Let c = y - k. What is the remainder when 33 is divided by c?
15
Let f(m) = -7*m + 263. What is the remainder when f(20) is divided by (-2)/3 + 285/9?
30
Suppose q = -3, k - 4*q - 5716 = -3*k. Calculate the remainder when k is divided by 130.
126
Suppose -c = -2*c + 20. Let h = -30 + 88. Calculate the remainder when h is divided by c.
18
Let j(d) = -d - 2. Let p be j(6). Let l(z) = z**3 + 7*z**2 - 9*z - 5. What is the remainder when l(p) is divided by 3?
0
Let j = 699 - 660. Calculate the remainder when 68 is divided by j.
29
Suppose y = 3*u + 7 + 2, 0 = y - 2*u - 10. Let p = y + -8. Calculate the remainder when 15 is divided by (-3)/(-2)*p/1.
3
Let h be 3/(-12) - (-62)/(-8). Let r(q) = q**3 - 8*q**2 - 22*q + 124. Calculate the remainder when (h/12)/((-2)/33) is divided by r(9).
4
Let h = 30 + 4. Suppose 3*i - 50 = -y, h = -5*y + i + 268. Suppose -4*n + 156 = 9*n. What is the remainder when y is divided by n?
11
Let x = -54 - -52. Let r(u) = 42*u**2 + 2*u - 2. What is the remainder when r(x) is divided by 41?
39
Let m = 164 - 114. Calculate the remainder when 695 is divided by m.
45
Let m = -62 - -62. Suppose m = -0*p + 10*p - 870. Calculate the remainder when p is divided by 22.
21
Let t be 2*124/(-20)*-5. Suppose t + 18 = 4*j. Calculate the remainder when 118 is divided by j.
18
What is the remainder when 9/2*(-40)/(-6) is divided by (-3)/((-10)/(1440/27))?
14
Let o = 130 - 114. Let y = 70 - 9. What is the remainder when y is divided by o?
13
Let f = -229 + 233. Calculate the remainder when 67 is divided by f.
3
Let m be (-2786)/(-77) - 2/11. Suppose n - 5*n + m = 0. Suppose -2*z = h - 13, -h + 28 + n = 5*z. Calculate the remainder when z is divided by 3.
2
Suppose 8562 - 749 = 13*p. What is the remainder when p is divided by 67?
65
Let v = -87 - -144. Let d = -29 + v. Let y(l) = 11*l - 1. What is the remainder when d is divided by y(1)?
8
Let i = -12 - -8. Let t = i + 8. Calculate the remainder when 11 is divided by t.
3
Let y = -182 + 277. Calculate the remainder when y is divided by 11.
7
Suppose -13*f + 188 = -579. Calculate the remainder when f is divided by 20.
19
Let l(y) be the first derivative of y**2/2 + 85*y + 1. Suppose 0 = a + 4*a. Calculate the remainder when l(a) is divided by 11.
8
Let q(t) = 2*t**3 - 21*t**2 + 44*t - 3. Suppose 2*f = -4*s + 332, 5*f - 405 = -3*s - 2*s. What is the remainder when s is divided by q(8)?
27
Let a(x) = x - 2. Let q be a(2). Suppose -3*r + 3*d + 15 = -9, q = -r - d + 2. Calculate the remainder when (r/(-2))/(3/(-24)) is divided by 7.
6
Let m = 185 - 42. Calculate the remainder when m is divided by 25.
18
Let l = -21 - -22. Let u(d) = 19*d**3 - d**2 - d + 1. Calculate the remainder when 51 is divided by u(l).
15
Let s(n) = 41*n + 215. What is the remainder when 18 is divided by s(-5)?
8
Suppose -64 = -3*h - h. Suppose 1130 - 1445 = -7*f. What is the remainder when f is divided by h?
13
Let x be 1 + 1 + 0 + (7 - 7). Suppose -x*o + 26 + 18 = 0. Suppose -2*l + 22 = 3*a, -a = -3*l - 2*l + 21. What is the remainder when o is divided by l?
2
Suppose 0 = -s + 54 + 81. Calculate the remainder when 1 + 6/(-10) - (-3186)/s is divided by 7.
3
Suppose -4*a - 45 = -13*a. Let k(s) = s**2 + 5*s - 22. Let x(i) = 29*i - 3. What is the remainder when x(2) is divided by k(a)?
27
Calculate the remainder when 7/(42/1536) + (6 - 12) is divided by 72.
34
Let c(n) be the third derivative of n**5/5 - n**4/24 + n**3/3 + 8*n**2. Calculate the remainder when c(1) is divided by 7.
6
Suppose -95*f + 99*f - 140 = 0. What is the remainder when 141 is divided by f?
1
Let w(u) = 5 + 0 - 4 + 7*u - 10*u. What is the remainder when 57/2 + (-5)/(-10) is divided by w(-5)?
13
Let l = 12 - 7. Suppose l*n - 20 - 35 = 0. Let p = 112 - 82. What is the remainder when p is divided by n?
8
What is the remainder when 274/(-3)*(-6)/4 is divided by 28?
25
Let h be 3*785/15 - 5. Let v = h + -142. Calculate the remainder when 43 is divided by v.
3
Suppose 3*u - 284 + 68 = -3*i, -5*u - 2*i + 372 = 0. What is the remainder when 225 is divided by u?
73
Suppose o = 3*o + 6. Let j(c) = -c + 4. Calculate the remainder when ((-7)/3 - -2) + (-1640)/(-60) is divided by j(o).
6
Let y(g) = -2*g. Let r be y(6). Let z(a) = -35*a**3 + a**2 + 2*a + 1. Calculate the remainder when r/(-1*2/17) is divided by z(-1).
32
Suppose 50*r = 55*r - 95. Calculate the remainder when 56 is divided by r.
18
Let p = 61 - 62. Calculate the remainder when 198 is divided by (-12)/p*-15*4/(-18).
38
Suppose -s - 2*i + 3*i = -857, -2*s + 5*i = -1720. Suppose 127 = -7*d + s. What is the remainder when d is divided by 27?
23
Suppose 2*n = 5*t + 380 + 125, n = 4*t + 251. Calculate the remainder when n is divided by 43.
40
Let g = -671 - -676. Calculate the remainder when 329 is divided by g.
4
Let h(c) = 15*c**2 - 12*c - 1. Calculate the remainder when 88 is divided by h(2).
18
Suppose -17*o + 24*o = 2842. Calculate the remainder when o is divided by 8.
6
Suppose 4*n - 29 = -89. Let y be ((-15)/6)/(n/12). Suppose y*j = -2*j + 24. Calculate the remainder when 9 is divided by j.
3
Calculate the remainder when 73 is divided by 7 - (-164)/4 - 7.
32
Let n(p) = 10*p - 133. Let c be n(16). Suppose 5*s - s - 2*i = -38, i = 3*s + 28. What is the remainder when 36 is divided by 534/c - 2/s?
16
Suppose 5*j + k - 70 = 0, 0 = 5*j - 4*k - 0*k - 70. What is the remainder when (152/(-6))/(8/(-12)) is divided by j?
10
Suppose 338*g - 81*g - 4951 = 960. Let r(t) = -40*t**2 + t. Let q be r(-1). Let b = -29 - q. Calculate the remainder when g is divided by b.
11
Let j = -9 - -17. Suppose -j = -2*q + 6. Let o = 2 + 25. What is the remainder when o is divided by q?
6
Let z = -32 - -72. Let f(j) = 122*j - 9156. What is the remainder when f(76) is divided by z?
36
Calculate the remainder when 140 is divided by (-21)/(-1 + 0) + (-20 - -15).
12
Let m = -207 - -302. Suppose -2*d = -7*d + m. Calculate the remainder when 36 is divided by d.
17
Calculate the remainder when (-17)/(510/(-7085)) - (-1)/(-6) is divided by 33.
5
Suppose 0*g + 391 = 17*g. Suppose -4*t = -7*t + 198. What is the remainder when t is divided by g?
20
Let x(h) = -60*h + 383. Suppose 14 = v - 0. Calculate the remainder when x(5) is divided by v.
13
Suppose 0 = -7*v - 2*v + 405. Let x = v - 30. What is the remainder when 41 is divided by x?
11
Let b(a) = 11*a**2 + 27*a + 24. What is the remainder when b(-10) is divided by 95?
94
Let x = 39 + 16. Calculate the remainder when 218 is divided by x.
53
Suppose -7*d + 405 = 2*d. Suppose -5 = -a + 2*y + 20, -2*y = 8. What is the remainder when d is divided by a?
11
Suppose 3*f + 3*v - 294 = 0, 393 = 4*f + 3*v + 2*v. What is the remainder when f is divided by 34?
29
Let r = -17 - -52. Suppose 0*x = 5*x - 75. Suppose 0 = x*q - 10*q - 60. Calculate the remainder when r is divided by q.
11
Suppose 5*o + 5*u = -20, -o - 20 = -0*o + 5*u. Suppose o*c - c = -39. What is the remainder when c is divided by 15?
9
Suppose 2*j = 3*b + 67, -2*b + 4*j - 113 = 3*b. Suppose -3*d - 145 = -8*d. Let w = d + b. What is the remainder when 13 is divided by w?
5
Let z be 0/(5 - (-1 - -4)). Suppose z*r = -4*r + 8. Suppose r*u - 24 = -4*l - 0*u, u = 5*l - 37. What is the remainder when 26 is divided by l?
5
Let x = 963 + -956. What is the remainder when 215 is divided by x?
5
Let t(y) = 12*y**2 + 14*y - 61. What is the remainder when t(4) is divided by 38?
35
Suppose -5*t + 40 = -6*t. Let q = 70 + t. Let r(k) = 3*k + 1. What is the remainder when q is divided by r(5)?
14
Let p(r) = 58*r**3 + r**2 - 4*r + 3. Calculate the remainder when p(1) is divided by 35.
23
Let g(y) = y**3 + 10*y**2 - 10*y - 25. Let f be g(-10). Let m = -55 + f. What is the remainder when 39 is divided by m?
19
Suppose -23*w + 18*w + 630 = 0. Let a = -102 + w. Calculate the remainder when (-6)/(-15) - 686/(-10) is divided by a.
21
Let j(u) = -4*u**2 - 81*u - 198. Calculate the remainder when j(-12) is divided by (-1 + 5)*(-5)/(-1).
18
Calculate the remainder when ((-72)/(-90))/(1/20) is divid